, 4*m - 626 = -2*n + 784. What are the prime factors of m?
5, 71
Let w(f) be the first derivative of f**3/3 - 7*f**2/2 + 2*f + 4. List the prime factors of w(7).
2
Let k = 1 + -23. Let c = k + 37. What are the prime factors of c?
3, 5
Let v(n) = -n**2 - 5*n - 2. Let r be v(-2). Let s(h) = -r*h + 2 + 0*h + 0. List the prime factors of s(-2).
2, 5
Suppose -31*z - 663 = -34*z. List the prime factors of z.
13, 17
Let o(h) = 3*h**2 + 1. Let u(p) = 3*p**2 + 2*p + 1. Let v be u(-1). What are the prime factors of o(v)?
13
Let l(j) = j + 11. Let t be l(-8). Let w(p) = 7 + p - 5 + t + 3. List the prime factors of w(-5).
3
Suppose 3*l + 3*u + 2*u + 19 = 0, 4*l = -3*u - 7. Let d = 15 - l. What are the prime factors of d?
13
Let b be (0 - -3)/1 - -1. Suppose 4*r = -0*r, -6 = -2*n + b*r. What are the prime factors of n?
3
Let b be (-21)/(-12) + 3/(-4). Let k(o) = -b - 2*o**2 - 1 + 0*o**2 + 6 - 6*o + o**3. What are the prime factors of k(4)?
2, 3
Let m = 12 + 15. Let a be (1 - m/(-6))*2. Let u(n) = -n**2 + 12*n - 3. List the prime factors of u(a).
2
Let o(r) = r**2 - 3*r + 9. Let v(h) = -h**2 + 2*h - 5. Let f(n) = -3*o(n) - 5*v(n). What are the prime factors of f(-2)?
2
Let d be 20 - -2*(-2)/2. List the prime factors of 4/18 - (-176)/d.
2, 5
Suppose 4*t = 3*t + 8. Suppose -5*a = 4*j - 54 - t, 0 = 4*j - a - 74. List the prime factors of j.
2, 3
Let q(s) = s**3 - 6*s**2 - 22*s - 13. What are the prime factors of q(10)?
167
Suppose 0 = f, -a + 3*a + 3*f = 10. Suppose 34 = d - 4. Suppose a*c + 8 = d. List the prime factors of c.
2, 3
Let j(r) = r + 7. Let l be j(-6). Let g be (-1420)/(-15) - l/(-3). Suppose s = 6*s - g. What are the prime factors of s?
19
Let d be 2/3 - (-4)/(-6). Let u = 0 - d. Suppose u*p + 11 = -3*p - 5*f, 0 = 2*p - 5*f - 26. List the prime factors of p.
3
Let p(t) = t**3 - 3*t**2 + t - 2. Suppose l = 2*l - 4. What are the prime factors of p(l)?
2, 3
Suppose -j + 3*t = -32, 4*t + 31 = 2*j - j. List the prime factors of j.
5, 7
Suppose 0 = 3*k - 0*k + 33. Let y = k - -26. What are the prime factors of y?
3, 5
Let v = 55 + -53. List the prime factors of v.
2
Suppose -m + 3*m - 8 = 0, -k = m - 16. Let h be ((-16)/(-6))/(2/(-6)). What are the prime factors of (k/h)/((-3)/16)?
2
Let l(v) be the third derivative of v**6/120 + 7*v**5/60 + 2*v**3 + 4*v**2. List the prime factors of l(-6).
2, 3
Suppose -20 = -4*m, 7*d + 3*m - 5 = 2*d. Suppose -5*t = -t - 8, -t + 12 = 2*q. Let c = q - d. List the prime factors of c.
7
Let y(s) = -22*s + 17. List the prime factors of y(-2).
61
Suppose 15 = 3*v, -2*v = -4*k + v + 177. List the prime factors of k.
2, 3
Let x(c) = 10*c**2 - 2*c + 1. Let o be x(1). List the prime factors of (-183)/2*(-6)/o.
61
Suppose 3*z = -0*z - 4*v + 327, -3*z = 5*v - 330. What are the prime factors of z?
3, 5, 7
Suppose -3*z = 3*z - 324. List the prime factors of z.
2, 3
Let j = -537 + 818. What are the prime factors of j?
281
List the prime factors of (3279/9 - 0) + 1/(-3).
2, 7, 13
Suppose -10 = i + 3. Let q = -1 - i. List the prime factors of q.
2, 3
What are the prime factors of (23/(-3))/((-11)/33)?
23
Let j(x) = -x + 13. Let s be j(9). Suppose 0 = -u, 4*z + s*u - 40 = 2*u. Suppose -3*p + 43 + z = 5*b, 2 = 2*p. List the prime factors of b.
2, 5
Let p(s) = s**2 - s + 1. Let a be p(1). Suppose 0 = y + 5*m + 3, -5*y - a + 15 = -4*m. Suppose 0 = -f + y*f - 6. What are the prime factors of f?
2, 3
List the prime factors of ((-46)/(-2))/(1/2).
2, 23
Let s(x) = -x**2 - 5*x - 4. Let t be s(-4). Let c be (6/(-4))/(6/(-8)). Suppose t*a - c*a + 22 = 0. List the prime factors of a.
11
Let u = -11 + 63. List the prime factors of u.
2, 13
List the prime factors of 240/((27/(-24))/(3/(-4))).
2, 5
Suppose -8*o + 10*o = 316. What are the prime factors of o?
2, 79
Let w be (20/8)/(2/12). Suppose -2*n = 3*r + w, -4*n - 33 = 3*r + 2*r. Let k = -6 - n. What are the prime factors of k?
2, 3
Suppose 3*k - 8 = 13. Suppose 4*s = 131 - k. What are the prime factors of s?
31
Let q(l) = 3*l - 3*l**2 + 2 + 3*l + 4*l**2. List the prime factors of q(-7).
3
Suppose -5*i = -3*m + 263, 3*i = 3*m - m - 174. What are the prime factors of m?
3
Let n(i) = -47*i**2 + 1. Let v be n(1). Let c = v - -112. Suppose 4*t + c = 7*t. What are the prime factors of t?
2, 11
Suppose 9 = 4*x - 31. What are the prime factors of x?
2, 5
Suppose 0 = 3*x - 7*x + 8. Suppose w = 1, 3*h - x*w + 5*w = 18. List the prime factors of h.
5
Let m(f) = 2*f + 2. Let a be m(3). Let i(x) = 2*x - 12. What are the prime factors of i(a)?
2
Let z(y) = -8 - 4 + 2*y**2 - 3*y**2. Let b(o) = 1. Let s(d) = -2*b(d) - z(d). What are the prime factors of s(0)?
2, 5
Let b(q) be the second derivative of q**3/6 - 3*q**2/2 - 8*q. What are the prime factors of b(7)?
2
What are the prime factors of -1 + (5 - 0) + (323 - 0)?
3, 109
Suppose -u - u - 4*y = -44, 0 = 4*u - 4*y - 28. List the prime factors of u.
2, 3
List the prime factors of 1/(-4)*2*-4.
2
Suppose 3*c = 5*r + 35, 0 = 3*c - r - 46 + 15. What are the prime factors of c?
2, 5
Let p = 14 - -38. What are the prime factors of p?
2, 13
Let y(m) = 4*m + 0*m**2 + 0*m + m**2 + 2 + 0. Let v be y(-5). Suppose -f - 17 = 2*i - v*i, 3*i = 2*f + 13. What are the prime factors of i?
3
Let s = -28 + 55. Let w = s - 19. Let n = w + -3. List the prime factors of n.
5
Let f(k) = k**2 - 6*k - 5. Suppose 0 = 3*s - s - 14. Let b be f(s). Suppose 4*o = b*o + 16. What are the prime factors of o?
2
Suppose 0 = -3*m + m + 20. Let s = m + 3. List the prime factors of s.
13
Let z(p) = p. Let k be z(0). Suppose 5*s - s - 56 = k. List the prime factors of s.
2, 7
Let v = -87 - -149. What are the prime factors of v?
2, 31
Let c be 2/7 - (-376)/56. List the prime factors of 40 + c/(21/(-6)).
2, 19
Let k = -282 - -405. List the prime factors of k.
3, 41
Suppose -2*c - 19 = u, -4*u = -3*c - 2*u - 25. Let m = 20 + c. What are the prime factors of m?
11
Let d be (2 + 0)*(-5)/(-2). Suppose p - z + d*z = 6, 4*p - 24 = -3*z. List the prime factors of p.
2, 3
Let p = -36 - -69. Let b = -20 + p. List the prime factors of b.
13
Let f(v) = 66*v**3 + v - 1. Let t be f(1). Let b = t - 14. What are the prime factors of b?
2, 13
Suppose -3*s = 4*o - 16, 0 = 4*s - 5*s + 4*o - 16. Suppose s*w = 3*w - 30. List the prime factors of w.
2, 5
Suppose -2*j = 0, 2*j + 70 = u - 3*j. List the prime factors of u.
2, 5, 7
Suppose -2*n - 14 = -190. Suppose -102 - n = -5*r. List the prime factors of r.
2, 19
Let r(o) = 2*o + 7. Let p(q) = -q - 8. Let w(c) = -2*p(c) - 3*r(c). What are the prime factors of w(-4)?
11
Let n(w) = 5*w + 10. Let h(t) = -10*t - 19. Let l(z) = -4*h(z) - 7*n(z). List the prime factors of l(5).
31
Suppose -2*g - 3*o = 3, -5*g - 4*o = -2 - 1. What are the prime factors of g?
3
Suppose 4*w + 0*w + 3*r - 288 = 0, -3*w + 4*r + 216 = 0. What are the prime factors of w?
2, 3
Suppose 10*r + 78 = 558. What are the prime factors of r?
2, 3
Let c(r) = -3 - 4 + 0*r**2 + r - r**2. Let k(q) = -6*q**2 + 5*q - 36. Let a(s) = 11*c(s) - 2*k(s). List the prime factors of a(-4).
7
Suppose -4*r + 220 = r. List the prime factors of r.
2, 11
Let j = -56 - -105. List the prime factors of j.
7
Suppose -30 = 13*o - 14*o. What are the prime factors of o?
2, 3, 5
Suppose 4*u - 8 = -2*c, -2*c - 2*u = 2*c - 22. What are the prime factors of 16 - (c/2 + -3)?
2
Let j = 38 + -1. What are the prime factors of j?
37
Suppose 0 = -0*x - 5*x + 15. Let n(o) = o - 7. Let t be n(6). Let p = x + t. What are the prime factors of p?
2
Let d = -13 + -7. What are the prime factors of (-4)/(-5)*d/(-1)?
2
Let t = 36 - 15. What are the prime factors of t?
3, 7
Let s be (-2 + 4)*-1 - -4. Let k be (-2)/(s + 32/(-18)). Let c = k + 18. What are the prime factors of c?
3
Let i(f) = -7*f**3 - f**2 - 5*f + 1. Let b(g) = g**3 + g - 1. Let r(c) = -6*b(c) - i(c). Let l be r(0). Suppose 1 = u - l. List the prime factors of u.
2, 3
Let v = 8 - -90. List the prime factors of v.
2, 7
Let k be 2/4 - (-305)/(-10). Let p be ((-6)/9)/(4/k). Suppose 0 = -p*b - 5*x + 31 + 14, -b = -x - 15. What are the prime factors of b?
2, 3
Let s(v) be the second derivative of 0 - 5/12*v**4 + 0*v**3 + 5/2*v**2 + 3*v - 1/20*v**5. What are the prime factors of s(-5)?
5
Let x(u) = 2*u + 31. What are the prime factors of x(-4)?
23
Let z be ((-12)/(-18))/(4/66). Let x = -4 - 